en 351 is divided by w(-1)?
3
Suppose -4*h = -37 + 1. Suppose 0 = h*q - 12*q + 15. Suppose x + 3*x + 8 = 0, -q*f + 21 = 2*x. What is the remainder when 18 is divided by f?
3
Let y = 5 + -4. Let b(g) = -5*g**2 + 3*g - 2. Let u be b(y). What is the remainder when 6 is divided by 3/3 - (-8)/(u/(-1))?
0
Suppose 3*x = -3*p + 6, -28*x - p - 10 = -29*x. What is the remainder when 1423/x - ((-1)/(-6))/1 is divided by 82?
73
Let f(u) = 2*u - 28 - 38*u + 14*u - 80 - 41. What is the remainder when 369 is divided by f(-11)?
90
Let y = -182142 - -270747. Calculate the remainder when y/440 - 3/8 is divided by 6.
3
Let j be ((-13)/(-2))/(8/112). Let r be (-2)/(((-14)/(-4))/(-7)). Suppose 61 + j = r*u. Calculate the remainder when u is divided by 20.
18
Let s(q) = -3*q + 2. Let n be s(-1). Let y(g) = 124*g + 3. Let m(t) = 125*t + 2. Let j(c) = n*y(c) - 4*m(c). What is the remainder when j(1) is divided by 44?
39
Let a(l) = l**2 - 8*l - 206. Let g be a(-11). Suppose j + g*r = -0*r + 34, 0 = -j - 4*r + 38. Calculate the remainder when 75 is divided by j.
9
Suppose -9*n + 210 = -14*n. Let d = n - -51. Calculate the remainder when 38 is divided by d.
2
Let g(h) = 40*h**3 - h**2 + 1. Let d be g(1). Let y = -27 + d. Let u = 141 + -117. What is the remainder when u is divided by y?
11
Let t(p) = 126*p. Let d(r) = r**3 - 10*r**2 - 49*r - 71. Calculate the remainder when t(1) is divided by d(14).
18
Suppose 25*n - 130 = 15*n. Suppose 46 = 3*h - 5*u, -52 = -5*h + 9*u - n*u. Let t(y) = 2*y**2 - 6*y - 1. Calculate the remainder when t(6) is divided by h.
11
Let f(n) = 16*n**3 + 11*n**2 - 19*n + 1. What is the remainder when 772 is divided by f(2)?
97
Suppose 14*u = 2*u - 1872. Let f = u - -196. What is the remainder when f is divided by 6?
4
Let q(j) = -122*j + 14. Let d be q(-4). Let p = -329 + d. Calculate the remainder when p is divided by 58.
57
Let j(n) = n**2 - 15*n - 161. Let w be j(22). Suppose 4*q = -5*x + 481, -5*x = -4*x + q - 97. Calculate the remainder when x is divided by w/14 - 34*3/(-4).
18
Suppose 5*s = 3*q + 3273 - 159, 1227 = 2*s + 5*q. What is the remainder when s is divided by 42?
33
Suppose u - 2 = 13. What is the remainder when -6 + 141/3 + (-1 - 2) is divided by u?
8
Suppose -2210 = -33*z + 7430 - 565. Calculate the remainder when z is divided by 26.
15
What is the remainder when 231 is divided by 549/(-1281) + 66/7 + 2?
0
Suppose 0 = 5301*c - 5326*c + 3675. Calculate the remainder when 1468 is divided by c.
145
What is the remainder when (0/(-3) - 20)/(95/(-1330)) is divided by 9?
1
Let t(c) = -18*c. Suppose 4*y + 2 = 2*y. Suppose -112*s - 315 = 108*s - 229*s. Calculate the remainder when s is divided by t(y).
17
Let d(y) = y**2 - 3*y + 2. Let o be (0 - -5 - 4)*1. Let v(x) = 61*x**2 - 15*x + 13. What is the remainder when v(o) is divided by d(5)?
11
Let r(p) = -p**3 - 2*p**2 + 2*p + 2. Suppose -4*s = -s + 501. Let b = s - -238. Calculate the remainder when b is divided by r(-4).
19
Suppose 9794 = 51*o - 46*o - 3*i, -4*i = 5*o - 9808. Suppose -2*g - 13*a = -15*a - 1952, -2*a = 2*g - o. Calculate the remainder when g is divided by 35.
33
What is the remainder when ((-1)/(-2))/((-93)/(-126480)) is divided by 36?
32
Let l = -8168 + 10087. Calculate the remainder when l is divided by 9.
2
Suppose -105 = -5*g - 5*c, 2*g = -0*g + 3*c + 32. Calculate the remainder when 68 - g - -2*15/6 is divided by 20.
14
Suppose -12*m + 9*m = -387. Calculate the remainder when m is divided by (-2)/(28/(-366)) - (-1)/(-7).
25
Suppose 170*m - 26030 = -4950. What is the remainder when 859 is divided by m?
115
Let u = 4 - -18. Let d(k) = 9*k - 6*k**3 + 5 - 10*k**3 + 17*k**3 - 10*k**2. Calculate the remainder when u is divided by d(9).
2
Let r = 224 + -215. Suppose -r*h + 22*h = 117. What is the remainder when 51 is divided by h?
6
Let s be (-2)/9 + (1496/9 - 2). Suppose 6*m - 3*m = 4*b + s, 3*b = 2*m - 108. Calculate the remainder when m is divided by 25.
10
Calculate the remainder when 752 is divided by ((-5292)/4)/(-7) + 0.
185
Suppose 4*t - 12 = -a, -3*a + 0*t + 76 = 4*t. Suppose 3*o = -59 - 40. Let i = o + 42. Calculate the remainder when a is divided by i.
5
Let f be (6/4)/(6/8). Let l(s) = 10*s - 1. What is the remainder when 1*(105 + (-3136)/56) is divided by l(f)?
11
Let x = 328 + -192. Suppose -4*o + x - 44 = 0. What is the remainder when o is divided by 12*(5 + -6 + 2)?
11
Let v(f) = -2*f**2 + 35*f + 22. Let j be v(18). Suppose 5*k = -2*h + 667, h + j*k - 370 = -32. Calculate the remainder when h is divided by 66.
62
What is the remainder when 25/(9 + 875/(-98)) is divided by 21?
14
Let f(l) = l**2 + 4*l - 10. Let a(k) = 31*k**2 + 37*k + 1. Calculate the remainder when a(-4) is divided by f(-9).
34
Suppose 4*d + 21 = d. Let k = -1234 - -1236. Calculate the remainder when (-711)/15*(d + k) is divided by 40.
37
Let r = 905 - 684. Calculate the remainder when r is divided by 51.
17
Let k be (40/(-35))/((-2)/35). Suppose -364 = -k*s + 6*s. What is the remainder when s is divided by 2?
0
Suppose -5*a = 2*v + 99 - 37, 5*v = -5*a - 125. Let q = 96 + v. Calculate the remainder when q is divided by 16.
11
Suppose -5*b - 3*p + 156 = 0, 76*p = -5*b + 71*p + 150. What is the remainder when 2936 is divided by b?
32
Let c(f) = -5*f**3 + 9*f**2 - 7*f + 127. What is the remainder when c(-8) is divided by 27?
25
Suppose 3*z + 135 = -2*d - d, -2*d - 178 = 4*z. Let c = -29 + 20. Calculate the remainder when z/(-6) + ((-24)/c)/4 is divided by 7.
1
Let f = 138 - 228. Calculate the remainder when (-12)/2 + f/(-2) is divided by 14.
11
Suppose -38 = -5*d + 6637. Calculate the remainder when d is divided by 103.
99
Let b(n) = n - 155. Let g be b(39). Let i(k) = -k**3 + 11*k**2 - 8*k + 9. Let s be i(6). Let a = s + g. What is the remainder when 70 is divided by a?
20
Let s = 5 - -13. Let f = -224 - -292. What is the remainder when 76/57*(f - 2) is divided by s?
16
Let x(i) = i - 22. Let a be x(24). Calculate the remainder when 180 is divided by a*((-899)/(-232) + 6/(-16)).
5
Suppose x - 3*l = 21, -l - 75 = -5*x + 4*l. Calculate the remainder when (-13)/26*x/(-1) is divided by -1 - (2 + -1 - 4).
0
Let z(r) = 6*r**3 - 2*r**2 + 2*r - 1. Let m(l) = -8*l**2 + l + 3*l**3 + 0 + 4 - l**2 + 5*l**2. What is the remainder when m(2) is divided by z(1)?
4
Let l(a) = -3*a - 20. Let w be l(-7). Let g be ((-2142)/3)/(-7) - w*2. Suppose 8*f - 18*f + g = 0. What is the remainder when f is divided by 3?
1
Suppose -137*z - 232*z - 762 + 8880 = 0. What is the remainder when 852 is divided by z?
16
Suppose 21*f - 4*a - 2907 = 16*f, 3*f = -a + 1751. Let h = f - 422. Calculate the remainder when h is divided by 51.
8
Let u(t) = -t**2 + t. Let l(k) = -k**3 + 4*k**2 + 9*k + 23. Let r(w) = l(w) - 5*u(w). What is the remainder when r(9) is divided by 17/1 + (1 - -2)?
19
Let s(k) be the second derivative of 3*k**5/4 - k**4/4 - k**3/3 - k**2 + 4*k. Let c be s(-2). Let i = -100 - c. What is the remainder when i is divided by 11?
8
Suppose 2*d + 7*c + 20 = 0, d + 15*c - 17*c = 23. Calculate the remainder when 1972 is divided by d.
3
Suppose -121 = 5*v - 2*v + o, 4*o + 4 = 0. Let y be 696/v*(-15)/(0 - -3). What is the remainder when 6 is divided by (-29)/y - (-20)/6?
0
Let b = -896 + 1083. Calculate the remainder when b is divided by 9.
7
What is the remainder when -3*12/126 + (-12225)/(-35) is divided by 14?
13
Suppose -514*a + 3 = -517*a. What is the remainder when 28 is divided by 11 - 9*a/3?
0
Let h(r) = -7 - 9*r - r**3 - 5 - 2 + 7 - 5*r**2. Suppose 11*m = -100 + 936. What is the remainder when m is divided by h(-4)?
11
Suppose -96*x = -26028 + 35108 - 124664. Calculate the remainder when x is divided by 295.
24
Suppose -104*w + 3474 = -8174. What is the remainder when w is divided by 49?
14
Let c(q) = 172*q**2 - 18*q + 21. Calculate the remainder when 354 is divided by c(1).
4
Let p(k) = k**3 + k**2 - k + 51. Let u be p(0). Let t = -3441 + 3401. Let q = u + t. What is the remainder when 63 is divided by q?
8
Suppose 4*j + 222 = -3*i, 4*j - 5*i + 238 = -0*i. Suppose 0 = 2*p - 3*p + 2, 5*k + 4*p = -342. Let c = j - k. Calculate the remainder when 61 is divided by c.
9
Let p(v) = -v**3 + 49*v**2 - 74*v - 40. Calculate the remainder when p(47) is divided by 70.
60
Suppose 5*u - l - 105 = 0, -3*u + 5*l = -94 + 31. S